{"id":75,"date":"2018-03-07T17:01:39","date_gmt":"2018-03-07T16:01:39","guid":{"rendered":"http:\/\/ethana.de\/?page_id=75"},"modified":"2018-09-26T09:42:21","modified_gmt":"2018-09-26T07:42:21","slug":"fraunhofer-zentrum-fuer-chemisch-biotechnologische-prozesse-cbp","status":"publish","type":"page","link":"https:\/\/ethana.de\/?page_id=75","title":{"rendered":"Fraunhofer-Zentrum f\u00fcr Chemisch-Biotechnologische Prozesse CBP"},"content":{"rendered":"<p><a href=\"https:\/\/www.cbp.fraunhofer.de\/\" target=\"_blank\" rel=\"noopener\"><img loading=\"lazy\" decoding=\"async\" class=\"alignnone size-medium wp-image-186\" src=\"http:\/\/ethana.de\/wp-content\/uploads\/Logo-CBP-300x82.jpg\" alt=\"Logo Fraunhofer CBP\" width=\"300\" height=\"82\" srcset=\"https:\/\/ethana.de\/wp-content\/uploads\/Logo-CBP-300x82.jpg 300w, https:\/\/ethana.de\/wp-content\/uploads\/Logo-CBP.jpg 388w\" sizes=\"(max-width: 300px) 100vw, 300px\" \/><\/a><\/p>\n<hr \/>\n<p>Am Fraunhofer CBP wird durch die Bereitstellung von Infrastruktur und Technikums\u2010 und Pilotanlagen die Entwicklung und Skalierung von Prozessen erm\u00f6glicht und die Auslegung in industrierelevante Verfahren vorangetrieben. Mit dem vorhandenen Anlagenequipment k\u00f6nnen einzelne Prozessschritte der alternativen Rapsverarbeitung im Pilotma\u00dfstab abgebildet werden. Das Zentrum stellt modular einsetzbare Prozesskapazit\u00e4ten bis 10 m\u00b3 f\u00fcr biotechnologische und chemische Umsetzungen sowie verschiedenste Aufbereitungs- und Aufarbeitungstechniken bereit. Mit diesem flexibel einsetzbaren Bioraffineriekonzept k\u00f6nnen Rohstoffe wie pflanzliche \u00d6le, Zellulose, St\u00e4rke oder Zucker aufbereitet und zu chemischen Produkten umgesetzt werden.<\/p>\n<p>In das beantragte Vorhaben wird das CBP vor allem seine Kompetenzen in der Aufarbeitung und Separation von Stoffstr\u00f6men nachwachsender Rohstoffe einbringen. Hierzu z\u00e4hlt neben der Entwicklung und Optimierung einzelner Verfahrensschritte im Laborma\u00dfstab, die Skalierung in Technikums\u2010 und Pilotanlagen sowie die Integration verschiedener Einzelprozess in ein Gesamtverfahren. Entwicklungsbegleitend k\u00f6nnen durch theoretische Betrachtungen und Prozesssimulation Verfahren optimiert, energetisch betrachtet und bilanziert werden. Zur Bewertung und Validierung der Produkte stehen offlineund online Analysemethoden wie GC (Gaschromatographie), HPLC (Hochleistungsfl\u00fcssigkeitschromatographie), MS (Massenspektrometrie) oder GPC (Gel\u2010Permeationschromatographie) zur Verf\u00fcgung.<\/p>\n<p>Beispielhaft sind die \u00dcbertragung von Synthesen auf Basis pflanzlicher \u00d6le im Verbundvorhaben \u201eIntegrierte Bioproduktion Phase 2\u201c (FNR FKZ: 22010112), die Pilotierung der Fraktionierung von Lignozellulose und der stoffliche Nutzung der Komponenten im Verbundvorhaben \u201e Lignocellulose Bioraffinerie\u201c (FNR FZK: 22019209) und \u201eBiomasse Aufschluss\u201c (BMBF FZK: 031A069 D), das Scale\u2010up eines Aufarbeitungsverfahrens zur Isolierung von Phytosterolen aus Tallharzseifen im Verbundvorhaben \u201ePhytoZell\u201c (BMBF FKZ: 031A073A), die Verfahrensentwicklung zur Gewinnung von Wertsoffen aus der Torrefizierung von lignocellosehaltigen Biomassen im EU\u2010Projekt SteamBio (EU\u2010Horizon 2020 FZK: 636865) sowie das schon genannte Verbundprojekt \u201eEntwicklung von Aufschlussverfahren zur Gewinnung hochwertiger Produkte aus Raps \u2010 Rapsauschluss\u201c (I\u2010Bank Sachsen\u2010Anhalt FKZ: 1304\/00101) [44] [45] [46][47].\u00a0 Zur bestehenden Anlagentechnik z\u00e4hlt unter anderem eine Pilotanlage f\u00fcr den Aufschluss und die Fraktionierung von Lignozellulose f\u00fcr die stoffliche Nutzung der Komponenten Zellulose, Hemizellulosen und Lignin, deren Nutzung zur Skalierung der Rapsschalen\u2010Aufarbeitung in Betracht gezogen werden kann. Weitere Technikums\u2010 und Pilotanlagen stehen am CBP f\u00fcr Fragestellungen der mechanischen Verfahrenstechnik, wie Homogenisator, verschiedene Separatoren und Anlagen zur Filtration und Membranfiltration zur Abtrennung von Biomasse, zur Verf\u00fcgung. Verdampfer\u2010 und Destillations\u2010einheiten zur Aufarbeitung unter atmosph\u00e4rischem Druck und im Vakuum bis zu 350\u00b0C mit Kapazit\u00e4ten von 1 l\/h bis 80 l\/h sowie Extraktionsanlagen zur Fl\u00fcssig\u2010Fl\u00fcssig\u2010Extraktion unter atmosph\u00e4rischen Bedingungen und unter Hochdruck mit fl\u00fcssigem Propan und \u00fcberkritischen Kohlenstoffdioxid erm\u00f6glichen die Anwendung thermischer Trennverfahren zur Abtrennung von \u00d6l\u2010 und Wertstoffphasen sowie zur Wiedergewinnung des Ethanols.<\/p>\n<hr \/>\n<p><a class=\"\" href=\"https:\/\/ethana.de\/verbundpartner\"><span class=\"screen-reader-text\">Verbundpartner<\/span><i class=\"fa fa-backward\"><\/i> zur\u00fcck zu Verbundpartner<\/a><\/p>\n","protected":false},"excerpt":{"rendered":"<p><img loading=\"lazy\" decoding=\"async\" class=\"alignleft size-medium wp-image-186\" src=\"http:\/\/ethana.de\/wp-content\/uploads\/Logo-CBP-300x82.jpg\" alt=\"Logo Fraunhofer CBP\" width=\"300\" height=\"82\" srcset=\"https:\/\/ethana.de\/wp-content\/uploads\/Logo-CBP-300x82.jpg 300w, https:\/\/ethana.de\/wp-content\/uploads\/Logo-CBP.jpg 388w\" sizes=\"(max-width: 300px) 100vw, 300px\" \/>Am Fraunhofer CBP wird durch die Bereitstellung von Infrastruktur und Technikums\u2010 und Pilotanlagen die Entwicklung und Skalierung von Prozessen erm\u00f6glicht und die Auslegung in industrierelevante Verfahren vorangetrieben.<\/p>\n","protected":false},"author":2,"featured_media":0,"parent":42,"menu_order":1,"comment_status":"closed","ping_status":"closed","template":"","meta":{"footnotes":""},"yoast_head":"<!-- This site is optimized with the Yoast SEO plugin v21.5 - https:\/\/yoast.com\/wordpress\/plugins\/seo\/ -->\n<title>Fraunhofer-Zentrum f\u00fcr Chemisch-Biotechnologische Prozesse CBP<\/title>\n<meta name=\"description\" content=\"Am Fraunhofer CBP wird durch die Bereitstellung von Infrastruktur und Technikums\u2010 und Pilotanlagen die Entwicklung und Skalierung von Prozessen erm\u00f6glicht und die Auslegung in industrierelevante Verfahren vorangetrieben.\" \/>\n<meta name=\"robots\" content=\"index, follow, max-snippet:-1, max-image-preview:large, max-video-preview:-1\" \/>\n<link rel=\"canonical\" href=\"https:\/\/ethana.de\/?page_id=75\" \/>\n<meta property=\"og:locale\" content=\"de_DE\" \/>\n<meta property=\"og:type\" content=\"article\" \/>\n<meta property=\"og:title\" content=\"Fraunhofer-Zentrum f\u00fcr Chemisch-Biotechnologische Prozesse CBP\" \/>\n<meta property=\"og:description\" content=\"Am Fraunhofer CBP wird durch die Bereitstellung von Infrastruktur und Technikums\u2010 und Pilotanlagen die Entwicklung und Skalierung von Prozessen erm\u00f6glicht und die Auslegung in industrierelevante Verfahren vorangetrieben.\" \/>\n<meta property=\"og:url\" content=\"https:\/\/ethana.de\/?page_id=75\" \/>\n<meta property=\"og:site_name\" content=\"ethana.de\" \/>\n<meta property=\"article:modified_time\" content=\"2018-09-26T07:42:21+00:00\" \/>\n<meta property=\"og:image\" content=\"http:\/\/ethana.de\/wp-content\/uploads\/Logo-CBP-300x82.jpg\" \/>\n<meta name=\"twitter:card\" content=\"summary_large_image\" \/>\n<meta name=\"twitter:label1\" content=\"Gesch\u00e4tzte Lesezeit\" \/>\n\t<meta name=\"twitter:data1\" content=\"2\u00a0Minuten\" \/>\n<script type=\"application\/ld+json\" class=\"yoast-schema-graph\">{\"@context\":\"https:\/\/schema.org\",\"@graph\":[{\"@type\":\"WebPage\",\"@id\":\"https:\/\/ethana.de\/?page_id=75\",\"url\":\"https:\/\/ethana.de\/?page_id=75\",\"name\":\"Fraunhofer-Zentrum f\u00fcr Chemisch-Biotechnologische Prozesse CBP\",\"isPartOf\":{\"@id\":\"https:\/\/ethana.de\/#website\"},\"datePublished\":\"2018-03-07T16:01:39+00:00\",\"dateModified\":\"2018-09-26T07:42:21+00:00\",\"description\":\"Am Fraunhofer CBP wird durch die Bereitstellung von Infrastruktur und Technikums\u2010 und Pilotanlagen die Entwicklung und Skalierung von Prozessen erm\u00f6glicht und die Auslegung in industrierelevante Verfahren vorangetrieben.\",\"breadcrumb\":{\"@id\":\"https:\/\/ethana.de\/?page_id=75#breadcrumb\"},\"inLanguage\":\"de\",\"potentialAction\":[{\"@type\":\"ReadAction\",\"target\":[\"https:\/\/ethana.de\/?page_id=75\"]}]},{\"@type\":\"BreadcrumbList\",\"@id\":\"https:\/\/ethana.de\/?page_id=75#breadcrumb\",\"itemListElement\":[{\"@type\":\"ListItem\",\"position\":1,\"name\":\"Startseite\",\"item\":\"https:\/\/ethana.de\/\"},{\"@type\":\"ListItem\",\"position\":2,\"name\":\"Verbundpartner\",\"item\":\"https:\/\/ethana.de\/?page_id=42\"},{\"@type\":\"ListItem\",\"position\":3,\"name\":\"Fraunhofer-Zentrum f\u00fcr Chemisch-Biotechnologische Prozesse CBP\"}]},{\"@type\":\"WebSite\",\"@id\":\"https:\/\/ethana.de\/#website\",\"url\":\"https:\/\/ethana.de\/\",\"name\":\"ethana.de\",\"description\":\"neuartiges Konzept zur Aufarbeitung von Raps\",\"potentialAction\":[{\"@type\":\"SearchAction\",\"target\":{\"@type\":\"EntryPoint\",\"urlTemplate\":\"https:\/\/ethana.de\/?s={search_term_string}\"},\"query-input\":\"required name=search_term_string\"}],\"inLanguage\":\"de\"}]}<\/script>\n<!-- \/ Yoast SEO plugin. -->","yoast_head_json":{"title":"Fraunhofer-Zentrum f\u00fcr Chemisch-Biotechnologische Prozesse CBP","description":"Am Fraunhofer CBP wird durch die Bereitstellung von Infrastruktur und Technikums\u2010 und Pilotanlagen die Entwicklung und Skalierung von Prozessen erm\u00f6glicht und die Auslegung in industrierelevante Verfahren vorangetrieben.","robots":{"index":"index","follow":"follow","max-snippet":"max-snippet:-1","max-image-preview":"max-image-preview:large","max-video-preview":"max-video-preview:-1"},"canonical":"https:\/\/ethana.de\/?page_id=75","og_locale":"de_DE","og_type":"article","og_title":"Fraunhofer-Zentrum f\u00fcr Chemisch-Biotechnologische Prozesse CBP","og_description":"Am Fraunhofer CBP wird durch die Bereitstellung von Infrastruktur und Technikums\u2010 und Pilotanlagen die Entwicklung und Skalierung von Prozessen erm\u00f6glicht und die Auslegung in industrierelevante Verfahren vorangetrieben.","og_url":"https:\/\/ethana.de\/?page_id=75","og_site_name":"ethana.de","article_modified_time":"2018-09-26T07:42:21+00:00","og_image":[{"url":"http:\/\/ethana.de\/wp-content\/uploads\/Logo-CBP-300x82.jpg"}],"twitter_card":"summary_large_image","twitter_misc":{"Gesch\u00e4tzte Lesezeit":"2\u00a0Minuten"},"schema":{"@context":"https:\/\/schema.org","@graph":[{"@type":"WebPage","@id":"https:\/\/ethana.de\/?page_id=75","url":"https:\/\/ethana.de\/?page_id=75","name":"Fraunhofer-Zentrum f\u00fcr Chemisch-Biotechnologische Prozesse CBP","isPartOf":{"@id":"https:\/\/ethana.de\/#website"},"datePublished":"2018-03-07T16:01:39+00:00","dateModified":"2018-09-26T07:42:21+00:00","description":"Am Fraunhofer CBP wird durch die Bereitstellung von Infrastruktur und Technikums\u2010 und Pilotanlagen die Entwicklung und Skalierung von Prozessen erm\u00f6glicht und die Auslegung in industrierelevante Verfahren vorangetrieben.","breadcrumb":{"@id":"https:\/\/ethana.de\/?page_id=75#breadcrumb"},"inLanguage":"de","potentialAction":[{"@type":"ReadAction","target":["https:\/\/ethana.de\/?page_id=75"]}]},{"@type":"BreadcrumbList","@id":"https:\/\/ethana.de\/?page_id=75#breadcrumb","itemListElement":[{"@type":"ListItem","position":1,"name":"Startseite","item":"https:\/\/ethana.de\/"},{"@type":"ListItem","position":2,"name":"Verbundpartner","item":"https:\/\/ethana.de\/?page_id=42"},{"@type":"ListItem","position":3,"name":"Fraunhofer-Zentrum f\u00fcr Chemisch-Biotechnologische Prozesse CBP"}]},{"@type":"WebSite","@id":"https:\/\/ethana.de\/#website","url":"https:\/\/ethana.de\/","name":"ethana.de","description":"neuartiges Konzept zur Aufarbeitung von Raps","potentialAction":[{"@type":"SearchAction","target":{"@type":"EntryPoint","urlTemplate":"https:\/\/ethana.de\/?s={search_term_string}"},"query-input":"required name=search_term_string"}],"inLanguage":"de"}]}},"_links":{"self":[{"href":"https:\/\/ethana.de\/index.php?rest_route=\/wp\/v2\/pages\/75"}],"collection":[{"href":"https:\/\/ethana.de\/index.php?rest_route=\/wp\/v2\/pages"}],"about":[{"href":"https:\/\/ethana.de\/index.php?rest_route=\/wp\/v2\/types\/page"}],"author":[{"embeddable":true,"href":"https:\/\/ethana.de\/index.php?rest_route=\/wp\/v2\/users\/2"}],"replies":[{"embeddable":true,"href":"https:\/\/ethana.de\/index.php?rest_route=%2Fwp%2Fv2%2Fcomments&post=75"}],"version-history":[{"count":15,"href":"https:\/\/ethana.de\/index.php?rest_route=\/wp\/v2\/pages\/75\/revisions"}],"predecessor-version":[{"id":641,"href":"https:\/\/ethana.de\/index.php?rest_route=\/wp\/v2\/pages\/75\/revisions\/641"}],"up":[{"embeddable":true,"href":"https:\/\/ethana.de\/index.php?rest_route=\/wp\/v2\/pages\/42"}],"wp:attachment":[{"href":"https:\/\/ethana.de\/index.php?rest_route=%2Fwp%2Fv2%2Fmedia&parent=75"}],"curies":[{"name":"wp","href":"https:\/\/api.w.org\/{rel}","templated":true}]}}